25
Calculate the highest common divisor of 4687 and 621932091.
4687
What is the greatest common factor of 421003 and 660?
11
What is the greatest common divisor of 193776 and 632?
8
Calculate the greatest common divisor of 129 and 46734593.
43
What is the highest common factor of 54864614 and 644?
322
Calculate the greatest common factor of 11466 and 1655178.
42
Calculate the greatest common divisor of 419298 and 510906.
66
What is the greatest common factor of 382988972 and 12016?
3004
Calculate the highest common factor of 2705528 and 24.
8
What is the greatest common factor of 129965 and 2819059?
2363
What is the greatest common divisor of 49389 and 43062807?
489
What is the greatest common factor of 26 and 36176556?
26
Calculate the greatest common factor of 3663 and 20632865.
407
What is the highest common divisor of 108408 and 1524?
12
Calculate the greatest common factor of 93939744 and 777.
111
What is the highest common divisor of 1115869 and 3962?
283
Calculate the highest common divisor of 3385954 and 78.
26
What is the highest common divisor of 1479 and 214552614?
1479
What is the highest common divisor of 137691 and 108?
9
What is the highest common factor of 171 and 227501820?
171
What is the highest common factor of 78500331 and 58984?
7373
Calculate the highest common divisor of 9613778 and 596.
298
What is the highest common factor of 33204301 and 533?
533
Calculate the highest common factor of 7696 and 3361228.
1924
Calculate the highest common divisor of 12545757 and 37278.
171
What is the greatest common divisor of 3733622 and 2334?
778
What is the highest common divisor of 7887 and 709212185?
2629
Calculate the greatest common factor of 1075 and 600540.
5
Calculate the greatest common divisor of 1988 and 42756.
28
Calculate the highest common divisor of 1259379 and 384.
3
What is the greatest common factor of 1512 and 1358262?
54
What is the highest common factor of 92397 and 136450917?
4863
What is the highest common factor of 1124331 and 16571?
227
Calculate the highest common divisor of 168816348 and 36.
36
What is the highest common divisor of 52092 and 17046?
18
What is the greatest common factor of 5280 and 33436920?
1320
What is the greatest common divisor of 1442 and 1010618?
14
Calculate the greatest common divisor of 94 and 1721670254.
94
Calculate the greatest common divisor of 877635 and 7452.
81
What is the highest common divisor of 3663800 and 25?
25
Calculate the greatest common factor of 1274 and 16246685.
637
Calculate the greatest common divisor of 109000556 and 112.
28
Calculate the highest common divisor of 257522998 and 152.
38
Calculate the greatest common divisor of 1536 and 34067712.
768
What is the highest common factor of 1884 and 233254900?
628
What is the greatest common factor of 181800 and 370670?
1010
Calculate the highest common divisor of 48992 and 35648.
32
What is the highest common factor of 2202342 and 1725?
69
What is the greatest common factor of 394980 and 151380?
1740
Calculate the highest common factor of 108 and 600708.
12
What is the highest common divisor of 12 and 10813578?
6
What is the greatest common factor of 9527 and 5803304?
1361
Calculate the greatest common factor of 2234 and 899382709.
1117
Calculate the greatest common divisor of 1013946 and 684.
6
Calculate the greatest common factor of 2736044 and 32828.
1132
Calculate the highest common factor of 67732875 and 878400.
13725
What is the highest common divisor of 2959571 and 184?
23
What is the greatest common factor of 721 and 100373?
7
What is the highest common factor of 702 and 13667628?
78
Calculate the highest common divisor of 1947475403 and 3662.
1831
What is the highest common factor of 23248514 and 2793?
19
What is the greatest common factor of 267803125 and 425?
425
Calculate the greatest common divisor of 908011 and 1027.
13
Calculate the highest common divisor of 495 and 148994820.
45
Calculate the greatest common factor of 759 and 7057435.
253
Calculate the highest common divisor of 27730 and 381848.
118
What is the highest common factor of 735712 and 1736692?
332
What is the greatest common factor of 7751911 and 492?
41
What is the highest common factor of 2225250 and 1374710?
9890
What is the highest common divisor of 18 and 55949532?
6
Calculate the greatest common divisor of 101673 and 17127.
99
What is the greatest common divisor of 750785 and 1125845?
665
Calculate the greatest common divisor of 8039658 and 187154.
3982
Calculate the highest common divisor of 2310 and 7422646.
154
Calculate the greatest common divisor of 153 and 4493372.
17
What is the highest common divisor of 7081858 and 2842?
406
What is the greatest common factor of 217443744 and 9072?
3024
Calculate the greatest common divisor of 15 and 63093042.
3
What is the highest common factor of 431 and 117347077?
431
What is the greatest common factor of 100 and 18530350?
50
What is the highest common factor of 592 and 4793872?
16
What is the highest common factor of 2592 and 1762452?
108
What is the greatest common divisor of 2756733 and 11295?
753
What is the highest common factor of 10 and 2406104?
2
What is the highest common divisor of 611522 and 352?
2
Calculate the greatest common factor of 380 and 98284.
4
Calculate the greatest common factor of 14940 and 2355872.
332
What is the highest common factor of 28 and 1078821842?
14
What is the highest common factor of 95529 and 9093?
21
What is the greatest common factor of 29464 and 1073?
29
Calculate the greatest common divisor of 4122342 and 378.
126
What is the greatest common divisor of 599989 and 3887?
13
What is the highest common divisor of 29575104 and 4?
4
What is the highest common divisor of 7 and 132623?
1
What is the greatest common divisor of 45773 and 12059425?
3521
What is the highest common factor of 45759 and 32613?
21
Calculate the greatest common divisor of 1610 and 5418448.
14
Calculate the greatest common divisor of 827805 and 324423.
957
What is the highest common divisor of 2964 and 28628041?
247
What is the greatest common divisor of 46915637 and 1214?
607
Calculate the greatest common factor of 33623456 and 64.
32
Calculate the greatest common divisor of 1024 and 8915968.
1024
What is the greatest common factor of 12145614 and 62?
62
What is the highest common divisor of 6984 and 1098952?
8
What is the greatest common factor of 6248190 and 3367?
481
Calculate the highest common factor of 5175 and 194125.
25
What is the highest common divisor of 121634 and 646966?
122
What is the highest common factor of 3390244 and 9284?
44
What is the greatest common divisor of 2623067 and 40384?
631
What is the highest common factor of 12194 and 50492?
26
Calculate the greatest common divisor of 92011 and 1459422.
911
Calculate the greatest common factor of 47954841 and 11.
11
Calculate the highest common divisor of 5 and 4358741.
1
Calculate the greatest common divisor of 74182 and 11303802.
2558
Calculate the greatest common factor of 53 and 498510103.
53
What is the greatest common factor of 2120495 and 4420?
1105
Calculate the highest common factor of 1246168 and 233632.
392
What is the highest common factor of 154 and 16880974?
22
What is the greatest common factor of 486 and 89304309?
27
What is the highest common factor of 5769130 and 78980?
3590
What is the greatest common divisor of 108 and 8272716?
12
What is the highest common factor of 153 and 1384506?
9
Calculate the greatest common factor of 960 and 1840560.
240
Calculate the highest common factor of 327 and 100353.
3
Calculate the highest common factor of 145421 and 16146422.
4691
Calculate the greatest common divisor of 57114315 and 9.
9
Calculate the highest common factor of 12 and 3496803.
3
Calculate the greatest common factor of 23 and 71086399.
23
Calculate the highest common factor of 5816 and 926478622.
1454
What is the greatest common divisor of 16686868 and 115?
23
What is the greatest common factor of 19470 and 103364283?
1947
Calculate the highest common factor of 172 and 7343841.
43
What is the highest common factor of 578300 and 20?
20
What is the highest common divisor of 3288776 and 49032?
1816
What is the highest common factor of 2863922 and 2074?
34
What is the highest common factor of